{"id":3,"date":"2025-03-22T09:01:08","date_gmt":"2025-03-22T09:01:08","guid":{"rendered":"http:\/\/lumiere-seasonsgarden.com\/?page_id=3"},"modified":"2026-04-10T16:29:38","modified_gmt":"2026-04-10T09:29:38","slug":"chinh-sach-bao-mat","status":"publish","type":"page","link":"https:\/\/lumiere-seasonsgarden.com\/?page_id=3","title":{"rendered":"Ch\u00ednh s\u00e1ch b\u1ea3o m\u1eadt"},"content":{"rendered":"\t<section class=\"section\" id=\"section_1834054708\">\n\t\t<div class=\"bg section-bg fill bg-fill  bg-loaded\" >\n\n\t\t\t\n\t\t\t\n\t\t\t\n\n\t\t<\/div>\n\n\t\t\n\n\t\t<div class=\"section-content relative\">\n\t\t\t\n<div class=\"row\"  id=\"row-2032780520\">\n\n\t<div id=\"col-331623023\" class=\"col large-12\"  >\n\t\t\t\t<div class=\"col-inner\"  >\n\t\t\t\n\t\t\t\n<h1 data-start=\"157\" data-end=\"177\">Ch\u00ednh s\u00e1ch b\u1ea3o m\u1eadt<\/h1>\n<p data-start=\"179\" data-end=\"383\">Website n\u00e0y \u0111\u01b0\u1ee3c v\u1eadn h\u00e0nh b\u1edfi C\u00f4ng ty C\u1ed5 ph\u1ea7n B\u1ea5t \u0111\u1ed9ng s\u1ea3n AURA REALTY, l\u00e0 \u0111\u01a1n v\u1ecb t\u01b0 v\u1ea5n v\u00e0 ph\u00e2n ph\u1ed1i b\u1ea5t \u0111\u1ed9ng s\u1ea3n.<br \/>Ch\u00fang t\u00f4i kh\u00f4ng ph\u1ea3i l\u00e0 website ch\u00ednh th\u1ee9c c\u1ee7a ch\u1ee7 \u0111\u1ea7u t\u01b0 MIPEC.<\/p>\n<p data-start=\"179\" data-end=\"383\">Ch\u00fang t\u00f4i t\u00f4n tr\u1ecdng v\u00e0 cam k\u1ebft b\u1ea3o v\u1ec7 quy\u1ec1n ri\u00eang t\u01b0 c\u1ee7a kh\u00e1ch h\u00e0ng khi truy c\u1eadp website n\u00e0y. Ch\u00ednh s\u00e1ch b\u1ea3o m\u1eadt d\u01b0\u1edbi \u0111\u00e2y gi\u1ea3i th\u00edch c\u00e1ch ch\u00fang t\u00f4i thu th\u1eadp, s\u1eed d\u1ee5ng v\u00e0 b\u1ea3o v\u1ec7 th\u00f4ng tin c\u00e1 nh\u00e2n c\u1ee7a b\u1ea1n.<\/p>\n<h2 data-start=\"385\" data-end=\"409\">1. Th\u00f4ng tin thu th\u1eadp<\/h2>\n<p data-start=\"410\" data-end=\"518\">Khi b\u1ea1n truy c\u1eadp website ho\u1eb7c \u0111\u1ec3 l\u1ea1i th\u00f4ng tin (h\u1ecd t\u00ean, s\u1ed1 \u0111i\u1ec7n tho\u1ea1i, email\u2026), ch\u00fang t\u00f4i c\u00f3 th\u1ec3 thu th\u1eadp:<\/p>\n<ul data-start=\"519\" data-end=\"666\">\n<li data-start=\"519\" data-end=\"589\">\n<p data-start=\"521\" data-end=\"589\">Th\u00f4ng tin c\u00e1 nh\u00e2n b\u1ea1n cung c\u1ea5p tr\u1ef1c ti\u1ebfp qua c\u00e1c bi\u1ec3u m\u1eabu \u0111\u0103ng k\u00fd.<\/p>\n<\/li>\n<li data-start=\"590\" data-end=\"666\">\n<p data-start=\"592\" data-end=\"666\">D\u1eef li\u1ec7u h\u00e0nh vi khi truy c\u1eadp website (cookies, \u0111\u1ecba ch\u1ec9 IP, tr\u00ecnh duy\u1ec7t).<\/p>\n<\/li>\n<\/ul>\n<h2 data-start=\"668\" data-end=\"690\">2. M\u1ee5c \u0111\u00edch s\u1eed d\u1ee5ng<\/h2>\n<p data-start=\"691\" data-end=\"728\">Th\u00f4ng tin thu th\u1eadp \u0111\u01b0\u1ee3c s\u1eed d\u1ee5ng \u0111\u1ec3:<\/p>\n<ul data-start=\"729\" data-end=\"902\">\n<li data-start=\"729\" data-end=\"787\">\n<p data-start=\"731\" data-end=\"787\">Li\u00ean h\u1ec7, t\u01b0 v\u1ea5n s\u1ea3n ph\u1ea9m\/d\u1ecbch v\u1ee5 theo y\u00eau c\u1ea7u c\u1ee7a b\u1ea1n.<\/p>\n<\/li>\n<li data-start=\"788\" data-end=\"842\">\n<p data-start=\"790\" data-end=\"842\">G\u1eedi th\u00f4ng tin khuy\u1ebfn m\u00e3i, \u01b0u \u0111\u00e3i (n\u1ebfu b\u1ea1n \u0111\u1ed3ng \u00fd).<\/p>\n<\/li>\n<li data-start=\"843\" data-end=\"902\">\n<p data-start=\"845\" data-end=\"902\">C\u1ea3i thi\u1ec7n tr\u1ea3i nghi\u1ec7m ng\u01b0\u1eddi d\u00f9ng v\u00e0 ch\u1ea5t l\u01b0\u1ee3ng d\u1ecbch v\u1ee5.<\/p>\n<\/li>\n<\/ul>\n<h2 data-start=\"904\" data-end=\"927\">3. Chia s\u1ebb th\u00f4ng tin<\/h2>\n<p data-start=\"928\" data-end=\"1059\">Ch\u00fang t\u00f4i cam k\u1ebft <strong data-start=\"946\" data-end=\"1015\">kh\u00f4ng b\u00e1n, chia s\u1ebb ho\u1eb7c trao \u0111\u1ed5i th\u00f4ng tin c\u00e1 nh\u00e2n c\u1ee7a kh\u00e1ch h\u00e0ng<\/strong> cho b\u00ean th\u1ee9 ba, ngo\u1ea1i tr\u1eeb c\u00e1c tr\u01b0\u1eddng h\u1ee3p:<\/p>\n<ul data-start=\"1060\" data-end=\"1143\">\n<li data-start=\"1060\" data-end=\"1085\">\n<p data-start=\"1062\" data-end=\"1085\">C\u00f3 s\u1ef1 \u0111\u1ed3ng \u00fd c\u1ee7a b\u1ea1n.<\/p>\n<\/li>\n<li data-start=\"1086\" data-end=\"1143\">\n<p data-start=\"1088\" data-end=\"1143\">Tu\u00e2n th\u1ee7 y\u00eau c\u1ea7u c\u1ee7a c\u01a1 quan ph\u00e1p lu\u1eadt c\u00f3 th\u1ea9m quy\u1ec1n.<\/p>\n<\/li>\n<\/ul>\n<h2 data-start=\"1145\" data-end=\"1168\">4. L\u01b0u tr\u1eef &amp; b\u1ea3o m\u1eadt<\/h2>\n<ul data-start=\"1169\" data-end=\"1356\">\n<li data-start=\"1169\" data-end=\"1248\">\n<p data-start=\"1171\" data-end=\"1248\">Th\u00f4ng tin c\u00e1 nh\u00e2n \u0111\u01b0\u1ee3c l\u01b0u tr\u1eef an to\u00e0n tr\u00ean h\u1ec7 th\u1ed1ng m\u00e1y ch\u1ee7 c\u1ee7a ch\u00fang t\u00f4i.<\/p>\n<\/li>\n<li data-start=\"1249\" data-end=\"1356\">\n<p data-start=\"1251\" data-end=\"1356\">Ch\u00fang t\u00f4i \u00e1p d\u1ee5ng c\u00e1c bi\u1ec7n ph\u00e1p k\u1ef9 thu\u1eadt v\u00e0 b\u1ea3o m\u1eadt c\u1ea7n thi\u1ebft \u0111\u1ec3 ng\u0103n ch\u1eb7n truy c\u1eadp, s\u1eed d\u1ee5ng tr\u00e1i ph\u00e9p.<\/p>\n<\/li>\n<\/ul>\n<h2 data-start=\"1358\" data-end=\"1384\">5. Quy\u1ec1n c\u1ee7a kh\u00e1ch h\u00e0ng<\/h2>\n<p data-start=\"1385\" data-end=\"1400\">B\u1ea1n c\u00f3 quy\u1ec1n:<\/p>\n<ul data-start=\"1401\" data-end=\"1540\">\n<li data-start=\"1401\" data-end=\"1471\">\n<p data-start=\"1403\" data-end=\"1471\">Y\u00eau c\u1ea7u xem l\u1ea1i, ch\u1ec9nh s\u1eeda ho\u1eb7c x\u00f3a th\u00f4ng tin c\u00e1 nh\u00e2n \u0111\u00e3 cung c\u1ea5p.<\/p>\n<\/li>\n<li data-start=\"1472\" data-end=\"1540\">\n<p data-start=\"1474\" data-end=\"1540\">T\u1eeb ch\u1ed1i nh\u1eadn email qu\u1ea3ng c\u00e1o, th\u00f4ng b\u00e1o khuy\u1ebfn m\u00e3i t\u1eeb ch\u00fang t\u00f4i.<\/p>\n<\/li>\n<\/ul>\n<h2 data-start=\"1542\" data-end=\"1567\">6. Thay \u0111\u1ed5i ch\u00ednh s\u00e1ch<\/h2>\n<p data-start=\"1568\" data-end=\"1709\">Ch\u00ednh s\u00e1ch b\u1ea3o m\u1eadt c\u00f3 th\u1ec3 \u0111\u01b0\u1ee3c c\u1eadp nh\u1eadt \u0111\u1ec3 ph\u00f9 h\u1ee3p v\u1edbi quy \u0111\u1ecbnh ph\u00e1p lu\u1eadt v\u00e0 nhu c\u1ea7u kinh doanh. M\u1ecdi thay \u0111\u1ed5i s\u1ebd \u0111\u01b0\u1ee3c c\u00f4ng b\u1ed1 tr\u00ean website.<\/p>\n<h2 data-start=\"1711\" data-end=\"1724\">7. Li\u00ean h\u1ec7<\/h2>\n<p data-start=\"1725\" data-end=\"1794\">N\u1ebfu c\u00f3 b\u1ea5t k\u1ef3 th\u1eafc m\u1eafc n\u00e0o v\u1ec1 Ch\u00ednh s\u00e1ch b\u1ea3o m\u1eadt, vui l\u00f2ng li\u00ean h\u1ec7:<\/p>\n<ul data-start=\"1796\" data-end=\"1939\">\n<li data-start=\"1796\" data-end=\"1841\">\n<p data-start=\"1798\" data-end=\"1841\"><strong data-start=\"1798\" data-end=\"1819\">T\u00ean c\u00f4ng ty\/d\u1ef1 \u00e1n<\/strong>: C\u00d4NG TY C\u1ed4 PH\u1ea6N B\u1ea4T \u0110\u1ed8NG S\u1ea2N AURA REALTY<\/p>\n<\/li>\n<li data-start=\"1842\" data-end=\"1873\">\n<p data-start=\"1844\" data-end=\"1873\"><strong data-start=\"1844\" data-end=\"1855\">\u0110\u1ecba ch\u1ec9<\/strong>: S\u1ed1 52 ng\u00f5 87 \u0111\u01b0\u1eddng Ph\u00fac L\u1ee3i, Ph\u01b0\u1eddng Ph\u00fac L\u1ee3i, Th\u00e0nh ph\u1ed1 H\u00e0 N\u1ed9i, Vi\u1ec7t Nam<\/p>\n<\/li>\n<li data-start=\"1842\" data-end=\"1873\">M\u00e3 s\u1ed1 thu\u1ebf: 0111119931<\/li>\n<li data-start=\"1874\" data-end=\"1911\">\n<p data-start=\"1876\" data-end=\"1911\"><strong data-start=\"1876\" data-end=\"1887\">Hotline<\/strong>: 0979853706<\/p>\n<\/li>\n<li data-start=\"1912\" data-end=\"1939\">\n<p data-start=\"1914\" data-end=\"1939\"><strong data-start=\"1914\" data-end=\"1923\">Email<\/strong>: tranvietha.dxmb@gmail.com<\/p>\n<\/li>\n<\/ul>\n\t\t<\/div>\n\t\t\t\t\t<\/div>\n\n\t\n<\/div>\n\t\t<\/div>\n\n\t\t\n<style>\n#section_1834054708 {\n  padding-top: 30px;\n  padding-bottom: 30px;\n}\n<\/style>\n\t<\/section>\n\t\n","protected":false},"excerpt":{"rendered":"","protected":false},"author":4,"featured_media":0,"parent":0,"menu_order":0,"comment_status":"closed","ping_status":"open","template":"","meta":{"footnotes":""},"class_list":["post-3","page","type-page","status-publish","hentry"],"_links":{"self":[{"href":"https:\/\/lumiere-seasonsgarden.com\/index.php?rest_route=\/wp\/v2\/pages\/3","targetHints":{"allow":["GET"]}}],"collection":[{"href":"https:\/\/lumiere-seasonsgarden.com\/index.php?rest_route=\/wp\/v2\/pages"}],"about":[{"href":"https:\/\/lumiere-seasonsgarden.com\/index.php?rest_route=\/wp\/v2\/types\/page"}],"author":[{"embeddable":true,"href":"https:\/\/lumiere-seasonsgarden.com\/index.php?rest_route=\/wp\/v2\/users\/4"}],"replies":[{"embeddable":true,"href":"https:\/\/lumiere-seasonsgarden.com\/index.php?rest_route=%2Fwp%2Fv2%2Fcomments&post=3"}],"version-history":[{"count":6,"href":"https:\/\/lumiere-seasonsgarden.com\/index.php?rest_route=\/wp\/v2\/pages\/3\/revisions"}],"predecessor-version":[{"id":495,"href":"https:\/\/lumiere-seasonsgarden.com\/index.php?rest_route=\/wp\/v2\/pages\/3\/revisions\/495"}],"wp:attachment":[{"href":"https:\/\/lumiere-seasonsgarden.com\/index.php?rest_route=%2Fwp%2Fv2%2Fmedia&parent=3"}],"curies":[{"name":"wp","href":"https:\/\/api.w.org\/{rel}","templated":true}]}}